 of 950 and 50.
50
What is the highest common factor of 1288 and 14?
14
Calculate the greatest common divisor of 789 and 18.
3
Calculate the highest common divisor of 4716 and 45.
9
What is the greatest common factor of 2535 and 65?
65
What is the greatest common factor of 72 and 7240?
8
Calculate the greatest common divisor of 108 and 4068.
36
Calculate the greatest common factor of 2850 and 50.
50
What is the highest common divisor of 66 and 660?
66
What is the greatest common factor of 12699 and 306?
153
Calculate the highest common divisor of 2751 and 42.
21
What is the highest common divisor of 343 and 245?
49
Calculate the highest common factor of 2911 and 71.
71
What is the greatest common divisor of 105 and 84?
21
What is the highest common divisor of 545 and 5?
5
What is the highest common divisor of 39 and 1105?
13
Calculate the highest common factor of 201 and 3.
3
What is the highest common divisor of 142 and 2201?
71
What is the highest common factor of 430 and 10?
10
Calculate the highest common divisor of 100 and 16550.
50
Calculate the greatest common factor of 50 and 75.
25
Calculate the highest common divisor of 1477 and 14.
7
What is the greatest common factor of 21 and 287?
7
Calculate the greatest common factor of 27 and 999.
27
What is the greatest common factor of 1261 and 78?
13
What is the greatest common factor of 306 and 3349?
17
Calculate the highest common divisor of 33 and 3597.
33
What is the greatest common divisor of 30 and 90?
30
Calculate the greatest common factor of 4802 and 28.
14
Calculate the highest common divisor of 544 and 32.
32
Calculate the greatest common factor of 2862 and 108.
54
Calculate the greatest common factor of 33 and 6094.
11
Calculate the highest common divisor of 23 and 129099.
23
What is the greatest common divisor of 110 and 638?
22
Calculate the highest common divisor of 6 and 282.
6
What is the highest common factor of 95 and 1805?
95
Calculate the greatest common factor of 2356 and 380.
76
Calculate the highest common divisor of 6 and 1461.
3
Calculate the highest common factor of 32400 and 216.
216
Calculate the greatest common divisor of 24 and 552.
24
Calculate the greatest common factor of 78 and 156.
78
What is the highest common factor of 25 and 20?
5
What is the highest common factor of 42 and 65226?
42
What is the highest common factor of 24 and 3728?
8
What is the highest common factor of 3 and 24?
3
What is the greatest common divisor of 477 and 53?
53
Calculate the greatest common factor of 73 and 73.
73
Calculate the greatest common factor of 99 and 363.
33
Calculate the greatest common factor of 62 and 713.
31
What is the highest common divisor of 35 and 28?
7
Calculate the greatest common divisor of 448 and 728.
56
Calculate the greatest common factor of 56 and 1022.
14
What is the greatest common divisor of 450 and 405?
45
Calculate the highest common factor of 36 and 116.
4
Calculate the greatest common factor of 6834 and 102.
102
What is the highest common factor of 24 and 1908?
12
What is the greatest common factor of 2561 and 13?
13
What is the highest common divisor of 57 and 19?
19
What is the greatest common factor of 54 and 8154?
54
Calculate the highest common divisor of 2282 and 14.
14
What is the highest common divisor of 131 and 262?
131
Calculate the greatest common factor of 22 and 187.
11
Calculate the highest common factor of 2806 and 230.
46
Calculate the highest common factor of 638 and 522.
58
Calculate the greatest common factor of 111 and 481.
37
Calculate the highest common factor of 12 and 516.
12
What is the highest common divisor of 1200 and 15?
15
What is the highest common divisor of 40 and 915?
5
What is the greatest common divisor of 264 and 3399?
33
What is the greatest common divisor of 23 and 9729?
23
Calculate the highest common divisor of 441 and 81.
9
Calculate the greatest common factor of 106 and 3710.
106
Calculate the greatest common divisor of 20 and 5.
5
Calculate the highest common divisor of 112 and 14.
14
Calculate the greatest common factor of 160 and 70.
10
What is the greatest common divisor of 707 and 303?
101
What is the greatest common factor of 120 and 2760?
120
What is the greatest common divisor of 41 and 19?
1
Calculate the highest common divisor of 204 and 12.
12
What is the highest common divisor of 160 and 64?
32
What is the greatest common factor of 8695 and 185?
185
Calculate the highest common factor of 32 and 16.
16
What is the greatest common factor of 7350 and 150?
150
What is the greatest common divisor of 1843 and 19?
19
What is the greatest common factor of 75 and 2325?
75
Calculate the greatest common factor of 375 and 3250.
125
Calculate the greatest common factor of 19 and 5.
1
Calculate the highest common divisor of 117 and 81.
9
Calculate the greatest common divisor of 1764 and 2688.
84
What is the greatest common divisor of 64 and 1416?
8
Calculate the greatest common divisor of 297 and 2277.
99
What is the highest common divisor of 1397 and 1?
1
Calculate the highest common factor of 120 and 804.
12
Calculate the greatest common factor of 34 and 2.
2
Calculate the highest common divisor of 205 and 41.
41
What is the greatest common factor of 1264 and 80?
16
Calculate the highest common divisor of 95 and 5.
5
What is the highest common factor of 237 and 51?
3
Calculate the highest common divisor of 39 and 4017.
39
What is the highest common divisor of 296 and 185?
37
What is the highest common divisor of 207 and 9?
9
Calculate the greatest common factor of 16 and 2128.
16
Calculate the greatest common divisor of 2163 and 693.
21
Calculate the greatest common divisor of 2486 and 66.
22
What is the greatest common factor of 7966 and 28?
14
What is the greatest common factor of 73 and 1241?
73
Calculate the greatest common factor of 6039 and 122.
61
What is the greatest common factor of 59 and 10325?
59
What is the greatest common divisor of 18 and 74?
2
What is the greatest common factor of 31 and 1?
1
What is the highest common factor of 52 and 2080?
52
What is the greatest common divisor of 3136 and 588?
196
Calculate the greatest common factor of 16 and 20176.
16
What is the highest common factor of 371 and 106?
53
What is the greatest common divisor of 27 and 1197?
9
What is the highest common divisor of 3959 and 37?
37
What is the greatest common divisor of 320 and 40?
40
What is the highest common factor of 9943 and 163?
163
Calculate the greatest common divisor of 75 and 3.
3
Calculate the highest common divisor of 16 and 596.
4
Calculate the highest common divisor of 20 and 80.
20
Calculate the highest common factor of 88 and 253.
11
What is the greatest common factor of 14 and 10430?
14
What is the highest common factor of 270 and 30?
30
Calculate the highest common divisor of 5 and 4835.
5
Calculate the greatest common factor of 24 and 84.
12
Calculate the highest common factor of 1007 and 76.
19
What is the highest common factor of 7301 and 196?
49
Calculate the greatest common factor of 2277 and 1089.
99
What is the highest common factor of 32 and 216?
8
Calculate the greatest common factor of 4998 and 42.
42
What is the greatest common factor of 340 and 9452?
68
What is the highest common factor of 1 and 43?
1
Calculate the highest common divisor of 508 and 5842.
254
Calculate the highest common factor of 324 and 12.
12
Calculate the greatest common factor of 2265 and 45.
15
Calculate the highest common divisor of 1239 and 7080.
177
What is the greatest common divisor of 19 and 589?
19
What is the highest common factor of 350 and 15?
5
Calculate the highest common divisor of 109 and 31937.
109
Calculate the highest common factor of 186 and 1767.
93
What is the greatest common factor of 4692 and 816?
204
What is the greatest common factor of 82 and 8610?
82
Calculate the highest common factor of 299 and 13.
13
Calculate the highest common factor of 209 and 95.
19
Calculate the greatest common factor of 640 and 40.
40
What is the greatest common divisor of 107 and 3103?
107
Calculate the greatest common divisor of 1921 and 17.
17
Calculate the greatest common factor of 481 and 52.
13
Calculate the greatest common divisor of 960 and 72.
24
What is the greatest common factor of 212 